{"id":7,"date":"2017-01-12T09:58:06","date_gmt":"2017-01-12T09:58:06","guid":{"rendered":"http:\/\/mikaellaakso.com\/?page_id=7"},"modified":"2026-01-29T15:11:45","modified_gmt":"2026-01-29T13:11:45","slug":"about","status":"publish","type":"page","link":"https:\/\/mikaellaakso.com\/?page_id=7","title":{"rendered":"Recorded talks"},"content":{"rendered":"\n<p><strong>In English<\/strong><\/p>\n\n\n\n<p><strong>2025<\/strong><\/p>\n\n\n\n<p>Why we need to work together for better bibliometric data: improved research, more informed science policy, and a healthier publishing landsccape. PUBMET 2025 Keynote, Zagreb, Croatia. <a href=\"https:\/\/www.youtube.com\/live\/wk5_3FjnIT0?si=-Evv_sPqfhXKdSqy&amp;t=36\">https:\/\/www.youtube.com\/live\/wk5_3FjnIT0?si=-Evv_sPqfhXKdSqy&amp;amp;t=36<\/a><\/p>\n\n\n\n<p>Long-Term Preservation of Open Access Publications: Facts, Current Practices, and Future Outlook. Open Divide &#8211; Critical Studies on Open Access 2025\/2026. <a href=\"https:\/\/doi.org\/10.5446\/71178\">https:\/\/doi.org\/10.5446\/71178<\/a><\/p>\n\n\n\n<p>2024<\/p>\n\n\n\n<p>Short interview based on the findings of the PALOMERA project. <a href=\"https:\/\/youtu.be\/oqdk5G4eP00?si=CR2Z2ikHZZwLYNmv\">https:\/\/youtu.be\/oqdk5G4eP00?si=CR2Z2ikHZZwLYNmv<\/a><\/p>\n\n\n\n<p>2023<\/p>\n\n\n\n<p>Making preservation inevitable. Presentation at the Charleston Conference, 2.11.2023. <a href=\"https:\/\/youtu.be\/lCBMAMWfOUM?si=EivqBReUAn5f_B80&amp;t=1847\">https:\/\/youtu.be\/lCBMAMWfOUM?si=EivqBReUAn5f_B80&amp;t=1847<\/a><\/p>\n\n\n\n<p>Tiedelehtien julkinen rahoitus Euroopassa. Tiedejulkaisemisen p\u00e4iv\u00e4t 9.10.2023. <a href=\"https:\/\/youtu.be\/bJ5AUQxbiB8?si=nlanYXVJZtQ8qsZi&amp;t=701\">https:\/\/youtu.be\/bJ5AUQxbiB8?si=nlanYXVJZtQ8qsZi&amp;t=701<\/a><\/p>\n\n\n<p>2021<\/p>\n<p>Competition in the scholarly journal landscape in the times of open access. Presentation at Journ\u00e9e d&#8217;\u00e9tude f\u00e9vrier 2021. 23.2.2021. <a href=\"https:\/\/youtu.be\/fqUTAkQXnuU?si=u-lB7V_4Pq0Lp_iu\">https:\/\/youtu.be\/fqUTAkQXnuU?si=u-lB7V_4Pq0Lp_iu<\/a><\/p>\n<p>Open at any price? Reviewing short- and long-term implications of current forms of open access. Keynote at the Finnish Open Science Days 2021, May 4th 2021. <a href=\"https:\/\/youtu.be\/NGGgvJ-Waww\">https:\/\/youtu.be\/NGGgvJ-Waww<\/a><\/p>\n\n\n<p>2019<\/p>\n\n\n\n<p>Infrastructure for data on open access: openness, sustainability, reproducibility. Keynote at Open Access Tage 2019 in Hannover, Germany. 2.10.2019. <a href=\"https:\/\/doi.org\/10.5446\/44026\">https:\/\/doi.org\/10.5446\/44026<\/a><\/p>\n\n\n\n<p>A brief history and a look at the future of OA \u2013 or why progress in one of the most important revolutions in scientific communication has been so slow.&nbsp; Invited talk at \u00c5bo Akademi 21.10.2019 as part of events arranged during Open Access Week 2019 <a href=\"https:\/\/aboakademi.zoom.us\/recording\/share\/jlP8pgVprBbWbKgwj9iByxmMUE4x1gSI1cBQgPdvZWqwIumekTziMw\">https:\/\/aboakademi.zoom.us\/recording\/share\/jlP8pgVprBbWbKgwj9iByxmMUE4x1gSI1cBQgPdvZWqwIumekTziMw<\/a><\/p>\n\n\n\n<p>What&#8217;s the big deal?&nbsp; The economics of global Open Access. Video recorded for use in the &#8216;Open Access to Research Papers&#8217; module of the Open Science MOOC. <a href=\"https:\/\/www.youtube.com\/watch?v=3rmbeWGgrWE\">https:\/\/www.youtube.com\/watch?v=3rmbeWGgrWE<\/a><\/p>\n\n\n\n<p>2018<\/p>\n\n\n\n<p>Financing the Transition to Open Access. Keynote given at the LOA2018 (Licensing and Open Access) conference organised by the National Library of Sweden at Scandic Continental in Stockholm on the 1st of June 2018.&nbsp;<a href=\"https:\/\/youtu.be\/CwBphCSJxLE?t=1h1m1s\">https:\/\/www.youtube.com\/watch?v=CwBphCSJxLE<\/a><\/p>\n\n\n\n<p>Open Access Publishing. Presentation given at the Open Forest Science Seminar organised by the Finnish Society of Forest Science on the 7th of May 2018.<a href=\"https:\/\/youtu.be\/7bca4D5vZ3A?t=23m25s\">&nbsp;https:\/\/youtu.be\/7bca4D5vZ3A?t=23m25s<\/a><\/p>\n\n\n\n<p>The evolution of open access journal publishing from 2010 to 2016: How ROAD data can improve scientific research on open access. Presentation given in Paris, France on the 26th of April 2018 as part of a conference organised by the ISSN organisation &#8220;An International Perspective on Open Access in Scholarly Communication: Achievements and Challenges&#8221;.&nbsp;<a href=\"https:\/\/webcast.in2p3.fr\/video\/the-evolution-of-open-access-journal-publishing-2010-2016\">https:\/\/webcast.in2p3.fr\/video\/the-evolution-of-open-access-journal-publishing-2010-2016<\/a><\/p>\n\n\n\n<p>2017<\/p>\n\n\n\n<p>Transition from a subscription-based to an open access publishing system.&nbsp;Presentation given at the&nbsp;Kick-off Conference for the Coordination of Open Access to Research Publications in Sweden on October 17 2017 \u2013 The National Library of Sweden.&nbsp;&nbsp;<a href=\"https:\/\/youtu.be\/gNkr3kwOZKY\">https:\/\/youtu.be\/gNkr3kwOZKY<\/a><\/p>\n\n\n\n<p>Panel discussion:&nbsp;\u2028How open science changes\u2028 the publishing process?\u2028. Concluding event of the National Open Science and Research Initiative (ATT)<br>16th November 2017.&nbsp;<a href=\"https:\/\/www.youtube.com\/watch?v=zCWxeUdXTQM\">https:\/\/www.youtube.com\/watch?v=zCWxeUdXTQM<\/a><\/p>\n\n\n\n<p>The evolution of open access journal publishing from 2010 to 2016: a closer look at journals indexed in Scopus. Presentation given at the 9th Conference on Open Access Scholarly Publishing in Lisbon, Portugal on the 21st of September 2017 as part of the panel of &#8220;The Market for APCs: Stimulating Healthy Competition&#8221;.&nbsp;<a href=\"http:\/\/coaspvideos.org\/2016\/videos\/play\/1407\">http:\/\/coaspvideos.org\/2016\/videos\/play\/1407<\/a><\/p>\n\n\n\n<p>The impact of Open Access: benefits for individuals, organisations, and research progress. Presentation given at the University of Jyv\u00e4skyl\u00e4 on the&nbsp;24th of February 2017.<br><a href=\"https:\/\/moniviestin.jyu.fi\/ohjelmat\/erillis\/kirjasto\/suomi-rinnakkaistallentamisen-mallimaaksi\/the-impact-of-open-access\">https:\/\/moniviestin.jyu.fi\/ohjelmat\/erillis\/kirjasto\/suomi-rinnakkaistallentamisen-mallimaaksi\/the-impact-of-open-access<\/a><\/p>\n\n\n\n<p>Webcast: Open Access &#8211; Advocating for Change. Invited presentation by Dove Press for the Library Journal.<br><a href=\"http:\/\/event.on24.com\/wcc\/r\/1400196\/D711502B208584A576A07150F31970BF\">http:\/\/event.on24.com\/wcc\/r\/1400196\/D711502B208584A576A07150F31970BF<\/a><\/p>\n\n\n\n<p>How to publish openly? &#8211; Open science and research training webinar. Invited Presentation by the Open Science Initiative of Finland (Avoin Tutkimus ja Tiede, ATT)<br><a href=\"https:\/\/connect.funet.fi\/p5882s29f16\/?proto=true\">https:\/\/connect.funet.fi\/p5882s29f16\/?proto=true<\/a><\/p>\n\n\n\n<p>2016<\/p>\n\n\n\n<p>Presentation at the Conference of Philosophy and History of Open Science conference (PHOS2016) on the 1st of December 2016. (beginning of the video)<br><a href=\"https:\/\/www.helsinki.fi\/en\/unitube\/video\/e1d14386-6fa2-4f0f-8ff0-124dbb4274d0\">https:\/\/www.helsinki.fi\/en\/unitube\/video\/e1d14386-6fa2-4f0f-8ff0-124dbb4274d0<\/a><\/p>\n\n\n\n<p><strong>In Finnish<\/strong><\/p>\n\n\n\n<p>2019<\/p>\n\n\n\n<p>Mist\u00e4 open access -keskustelussa on kyse? Esitetty Tiedekulmassa 28.2.2019 tilaisuudessa &#8220;Mik\u00e4 on avoimen tiedon hinta? Tutkijoiden townhall-keskustelu avoimesta julkaisemisesta&#8221;<\/p>\n\n\n\n<p><a href=\"https:\/\/www.helsinki.fi\/en\/unitube\/video\/6fd8e8de-9985-4b55-b59e-b6a929ab13f4\">https:\/\/www.helsinki.fi\/en\/unitube\/video\/6fd8e8de-9985-4b55-b59e-b6a929ab13f4<\/a><\/p>\n\n\n\n<p>2018<\/p>\n\n\n\n<p>Avoimen julkaisemisen strategia ja suomalainen tutkimusyhteis\u00f6. Avoimen tieteen syysp\u00e4iv\u00e4t 2018. 19.11.2018.&nbsp;&nbsp;<a href=\"https:\/\/www.youtube.com\/watch?v=RKItZMmUWWw\">https:\/\/www.youtube.com\/watch?v=RKItZMmUWWw<\/a><\/p>\n\n\n\n<p>2017<\/p>\n\n\n\n<p>Open access FinELibin neuvotteluissa: tutkijan n\u00e4k\u00f6kulma.<strong>&nbsp;<\/strong>26.10.2017.&nbsp;Kirjastoverkkop\u00e4iv\u00e4t 2017.&nbsp;<a href=\"https:\/\/www.youtube.com\/watch?v=aPkzb-1GZSk&amp;feature=youtu.be&amp;t=3h53m35s\">https:\/\/www.youtube.com\/watch?v=aPkzb-1GZSk&amp;feature=youtu.be&amp;t=3h53m35s<\/a><\/p>\n\n\n\n<p>2016<\/p>\n\n\n\n<p>Nopsa- ja Surima -projektit 25.5.2016 &#8211; Competence Wednesdays -webinaarisarja. Suomen yliopistokirjastojen neuvosto<br><a href=\"https:\/\/connect.funet.fi\/p2tdn1smhab\/\">https:\/\/connect.funet.fi\/p2tdn1smhab\/ <\/a><\/p>\n\n\n\n<p>2015<\/p>\n\n\n\n<p>Avointa tiedett\u00e4 rinnakkaistallentamalla -seminaari<br><a href=\"https:\/\/moniviestin.jyu.fi\/ohjelmat\/erillis\/kirjasto\/avointa-tiedetta-2015\/tallenne-osa-1\">https:\/\/moniviestin.jyu.fi\/ohjelmat\/erillis\/kirjasto\/avointa-tiedetta-2015\/tallenne-osa-1<\/a><\/p>\n\n\n\n<p>Kahden puhujan keskustelu, puntarointia aiheesta \u201dTieteellisen julkaisemisen tulevaisuus\u201d<br><a href=\"https:\/\/www.youtube.com\/watch?v=FsioSuXNKGs\">https:\/\/www.youtube.com\/watch?v=FsioSuXNKGs<\/a><\/p>\n\n\n\n<p>Tieteellisen julkaisemisen tulevat muutokset<br><a href=\"https:\/\/www.youtube.com\/watch?v=0Oi7XbEzNIU\">https:\/\/www.youtube.com\/watch?v=0Oi7XbEzNIU<\/a><\/p>\n\n\n\n<p>Mit\u00e4 tarkoittaa avoin tieteellinen julkaiseminen<br><a href=\"https:\/\/www.youtube.com\/watch?v=Cda5HTFGDvI\">https:\/\/www.youtube.com\/watch?v=Cda5HTFGDvI<\/a><\/p>\n\n\n\n<p><strong>Other appearances:<\/strong><\/p>\n\n\n\n<p>In English<\/p>\n\n\n\n<p><a href=\"http:\/\/arcticstartup.com\/at-the-tollgates-of-science\/\">http:\/\/arcticstartup.com\/at-the-tollgates-of-science\/<\/a><\/p>\n\n\n\n<p>In French<\/p>\n\n\n\n<p><a href=\"https:\/\/www.francetvinfo.fr\/sante\/cancer\/sciences-les-fausses-etudes-envahissent-le-web_2869969.html\">https:\/\/www.francetvinfo.fr\/sante\/cancer\/sciences-les-fausses-etudes-envahissent-le-web_2869969.html<\/a><\/p>\n\n\n\n<p>In&nbsp;Finnish<\/p>\n\n\n\n<p><a href=\"http:\/\/portti.avointiede.fi\/tutkimusjulkaisut\/open-access-edut-yksilon-organisaatioiden-ja-tutkimustyon-kannalta\">http:\/\/portti.avointiede.fi\/tutkimusjulkaisut\/open-access-edut-yksilon-organisaatioiden-ja-tutkimustyon-kannalta<\/a><\/p>\n\n\n\n<p>In Swedish<\/p>\n\n\n\n<div class=\"page\" title=\"Page 4\">\n<div class=\"layoutArea\">\n<div class=\"column\">\n<p><a href=\"https:\/\/svenska.yle.fi\/artikel\/2016\/07\/03\/vinstlystna-forlag-hotar-vetenskapen-men-oppen-publicering-pa-kommande\">https:\/\/svenska.yle.fi\/artikel\/2016\/07\/03\/vinstlystna-forlag-hotar-vetenskapen-men-oppen-publicering-pa-kommande<\/a><\/p>\n<p><a href=\"https:\/\/svenska.yle.fi\/artikel\/2016\/12\/21\/tillaggstid-i-universitetens-kritiska-forhandlingar-om-vetenskapliga-tidskrifter\">https:\/\/svenska.yle.fi\/artikel\/2016\/12\/21\/tillaggstid-i-universitetens-kritiska-forhandlingar-om-vetenskapliga-tidskrifter<\/a><\/p>\n<\/div>\n<\/div>\n<\/div>\n\n\n<div class=\"wp-block-image size-medium wp-image-85\">\n<figure class=\"alignleft\"><img loading=\"lazy\" decoding=\"async\" width=\"263\" height=\"300\" src=\"https:\/\/mikaellaakso.com\/wp-content\/uploads\/2017\/01\/mikael-laakso_www_s638x0_q80_noupscale-263x300.jpg\" alt=\"\" class=\"wp-image-85\" srcset=\"https:\/\/mikaellaakso.com\/wp-content\/uploads\/2017\/01\/mikael-laakso_www_s638x0_q80_noupscale-263x300.jpg 263w, https:\/\/mikaellaakso.com\/wp-content\/uploads\/2017\/01\/mikael-laakso_www_s638x0_q80_noupscale.jpg 500w\" sizes=\"auto, (max-width: 263px) 100vw, 263px\" \/><figcaption class=\"wp-element-caption\">Photo: Tuukka Troberg<\/figcaption><\/figure>\n<\/div>","protected":false},"excerpt":{"rendered":"<p>In English 2025 Why we need to work together for better bibliometric data: improved research, more informed science policy, and a healthier publishing landsccape. PUBMET&#8230;<\/p>\n<div class=\"more-link-wrapper\"><a class=\"more-link\" href=\"https:\/\/mikaellaakso.com\/?page_id=7\">Continue reading<span class=\"screen-reader-text\">Recorded talks<\/span><\/a><\/div>\n","protected":false},"author":1,"featured_media":0,"parent":0,"menu_order":0,"comment_status":"closed","ping_status":"closed","template":"","meta":{"footnotes":""},"class_list":["post-7","page","type-page","status-publish","hentry","entry"],"_links":{"self":[{"href":"https:\/\/mikaellaakso.com\/index.php?rest_route=\/wp\/v2\/pages\/7","targetHints":{"allow":["GET"]}}],"collection":[{"href":"https:\/\/mikaellaakso.com\/index.php?rest_route=\/wp\/v2\/pages"}],"about":[{"href":"https:\/\/mikaellaakso.com\/index.php?rest_route=\/wp\/v2\/types\/page"}],"author":[{"embeddable":true,"href":"https:\/\/mikaellaakso.com\/index.php?rest_route=\/wp\/v2\/users\/1"}],"replies":[{"embeddable":true,"href":"https:\/\/mikaellaakso.com\/index.php?rest_route=%2Fwp%2Fv2%2Fcomments&post=7"}],"version-history":[{"count":34,"href":"https:\/\/mikaellaakso.com\/index.php?rest_route=\/wp\/v2\/pages\/7\/revisions"}],"predecessor-version":[{"id":531,"href":"https:\/\/mikaellaakso.com\/index.php?rest_route=\/wp\/v2\/pages\/7\/revisions\/531"}],"wp:attachment":[{"href":"https:\/\/mikaellaakso.com\/index.php?rest_route=%2Fwp%2Fv2%2Fmedia&parent=7"}],"curies":[{"name":"wp","href":"https:\/\/api.w.org\/{rel}","templated":true}]}}